+ 5*q + 88 = -22*n. What is the greatest common factor of n and 9?
3
Suppose 3*m = 156 + 141. Suppose 2*f = 3*x + 8, 3*f + x - 54 = -2*f. Let b be 40/f + 4 + 1. What is the highest common factor of b and m?
9
Suppose 0 = -4*u + 5*a + 187, 43 + 9 = u + 4*a. Suppose -k = 5*x - 128 - 31, 4*k - 28 = -x. What is the greatest common divisor of u and x?
16
Suppose -p + 2 = 0, -5*c + 3*p + 553 = 2*p. Let t = -117 + 154. Calculate the highest common divisor of c and t.
37
Let v be (12/(-5))/((-25)/125). Suppose 0 = 2*f + f - 9. What is the greatest common divisor of f and v?
3
Let u(l) = 2*l + 12. Let f be u(10). Let s(v) = 26*v - 132. Let z be s(10). What is the greatest common divisor of f and z?
32
Suppose -5*g + 2*b = -88, 5*g - 40 = 2*g - 2*b. Calculate the greatest common divisor of g and 112.
16
Suppose 0 = m + 5*o - 3 - 0, 0 = -2*o. Suppose 0 = 2*y + 2*z - 50, -y + m*z + 2*z = -1. What is the greatest common divisor of y and 189?
21
Let g = -57 + -55. Let s be (-4)/14 - 704/g. Let w be -4*6/4*-1. What is the greatest common divisor of s and w?
6
Let l(r) = -r**2 + 55*r - 640. Let w be l(36). Calculate the greatest common divisor of 36 and w.
4
Let r = 5 - 3. Suppose -r*i = -3 - 7. Let d = -3962 - -3964. What is the highest common factor of i and d?
1
Let q = 444 + -260. Calculate the greatest common factor of q and 69.
23
Suppose 0 = 2*k - 3*c - 306, 425 = 3*k + c + 3*c. What is the highest common factor of k and 126?
21
Let h(w) = -w**2 + 4*w + 3. Let t be h(0). Suppose 2*r - 5*x - 40 = 0, 5*r - 81 = t*x - 0*x. Calculate the greatest common divisor of 30 and r.
15
Let l = -548 + 549. Suppose -3*h - 4*k + 4 = 0, -3*k + 14 = 4*h + h. Suppose 2*j = 4*j - h. What is the greatest common factor of j and l?
1
Suppose -12 - 28 = 5*d. Let c = d - -9. Suppose h + c + 1 = 3*p, 4*h = p + 25. What is the highest common divisor of h and 7?
7
Let b = 33 - 23. Let g = 9 + 7. Suppose -2*q = -6*q + g. Calculate the highest common factor of q and b.
2
Suppose -g = -6*g + 5*l + 410, -4*l = -2*g + 168. Let y be (-24*(-28)/(-105))/(3/(-15)). What is the highest common factor of y and g?
16
Let a(f) = 15*f**2 + f + 12. Let r be a(8). What is the highest common divisor of r and 35?
35
Let j = 15 - -7. Let u(x) = -3*x**2 - 42*x - 56. Let a be u(-8). Calculate the highest common factor of j and a.
22
Let v(g) = 4*g + 2. Let r = 50 - 49. Let k be v(r). What is the highest common divisor of 2 and k?
2
Let i = 31 + -28. Let z be (27 - (5 + -3)) + i. Calculate the greatest common factor of z and 7.
7
Let y = 411 - 279. Let b be 770/y - 2/(-12). Suppose -9*c = -b*c - 858. Calculate the greatest common factor of 26 and c.
26
Let o = -476 - -494. Calculate the highest common factor of 153 and o.
9
Let c = 10 + 3. Let r = -713 + 791. Calculate the greatest common factor of c and r.
13
Let k(c) = c**2 + c + 9. Let u be k(0). Let h be (-5 + 2)*(-3)/u. Let t be (182/21)/(h/3). Calculate the greatest common factor of 65 and t.
13
Let s = -54 - -31. Let p = -17 - s. What is the highest common factor of 18 and p?
6
Let g = 2 - -1. Suppose 4*i + 2*s + 34 = -3*s, g*i + 5*s + 28 = 0. Let d be -4 + 1 + 30 + i. Calculate the highest common factor of d and 3.
3
Let o = 7711 - 7694. Let t(y) be the second derivative of 26*y**3/3 - y**2 - y. Let p be t(2). Calculate the highest common factor of p and o.
17
Let u(a) = -1189*a**3 - 3*a**2 + 2. Let k be u(-1). Calculate the greatest common divisor of 22 and k.
22
Let r = 5 - 3. Suppose f + r*f = 24. Suppose -33*h + 80 = -29*h. Calculate the greatest common factor of h and f.
4
Let j be (171/114)/((-3)/(-80)). What is the greatest common divisor of j and 260?
20
Let s be (12/8 + 2 - -1)*64. Suppose -5*w + 152 = -s. Calculate the highest common factor of w and 8.
8
Suppose 5 = -l - 4*l - 5*x, -2*x + 7 = 5*l. Suppose -l*n + 6*n = 15. Let f(b) = -b**2 + 4*b + 9. Let k be f(n). Calculate the highest common divisor of k and 2.
2
Let s be ((-33)/(-6))/((-159)/(-54) + -3). Let m = s + 114. What is the greatest common divisor of m and 10?
5
Let f be (2/(-3))/((-6)/117). Suppose -7378*g + 7330*g + 5616 = 0. What is the greatest common factor of g and f?
13
Let v(z) = 38*z + 19. Let q be v(0). Calculate the highest common divisor of 57 and q.
19
Suppose 0*c + 36 = 3*c. Let n = 391 - 361. Calculate the greatest common factor of n and c.
6
Let k(c) = -c**3 + 2*c**2 + 12*c - 3. Let o be k(5). Let p be 1/(o/81 + 493/2178). Calculate the highest common divisor of 22 and p.
22
Let y = 71 - -8. Let z = y - 54. Calculate the greatest common divisor of 50 and z.
25
Let t be 2/4 - 9/(-2). Suppose t*f + 7 = 2. Let j be (-3)/(9/(-195)) + f. What is the highest common factor of j and 16?
16
Suppose -4*d + 2 = 10, 5*r = 4*d + 43. Let j = 2 + r. Let w = 244 + -145. Calculate the greatest common factor of w and j.
9
Suppose 17*s - 129 = 143. Let x(c) = c**2 - 4*c + 3. Let m be x(7). What is the greatest common factor of s and m?
8
Let b be (70/(-4))/(72/(-432)). Let k be (28/(-6))/(6/(-27)). What is the highest common divisor of k and b?
21
Suppose -29*w + 16 = -25*w. Let k be w/(((-2)/(-2))/2). Calculate the highest common factor of k and 104.
8
Let n be (6/7)/(30/6300). Calculate the greatest common divisor of n and 60.
60
Let k(x) = x**3 - 30*x**2 - 29*x - 25. Let o be k(31). Calculate the highest common divisor of o and 407.
37
Let i = 103 - 74. Let p(o) = o - 1. Let h be p(-6). Let s(v) = -33*v + 1. Let d be s(h). What is the greatest common factor of i and d?
29
Let g = -993 + 1038. Calculate the greatest common factor of 2610 and g.
45
Let w(b) = -b**2 - 6*b - 5. Let p be w(-5). Suppose -84 = -7*j - p. What is the highest common divisor of j and 108?
12
Let k = 1365 - -405. Calculate the greatest common divisor of 60 and k.
30
Suppose -1318 - 3890 = -42*n. What is the highest common factor of n and 155?
31
Let t = 150 - 130. What is the highest common divisor of t and 60?
20
Let v be (48/(-9))/((-8)/132). Let u = v - 50. Calculate the highest common factor of u and 38.
38
Suppose -84*i + 88*i = -8. Let f be 15/i*(-56)/35. Let g(z) = z**3 - 6*z**2 + 6*z + 1. Let v be g(5). What is the highest common factor of v and f?
6
Suppose -21*z = -22*z + 11. Calculate the highest common divisor of z and 1.
1
Suppose -17*y + 297 = 42. What is the greatest common factor of 1 and y?
1
Let p = 198 - 190. Let g(s) = s**3 + 12*s**2 - 13*s + 8. Let c be g(-13). What is the highest common divisor of c and p?
8
Let j(n) = 13*n - 43. Let h be j(5). What is the greatest common divisor of h and 286?
22
Let z = 43 + -30. Let x(m) = m**2 - 16*m - 32. Let v be x(14). Let y be (-6)/(1 + v/52). Calculate the highest common divisor of z and y.
13
Let a be (-974)/(-6) + 2/(-6). Let t = -71 + a. Calculate the greatest common factor of 13 and t.
13
Suppose 3*s = -5*g, 29 = 4*s - 5*g - 6. Suppose s*p = 4*u - 22, -2*u + p + 2 = -12. What is the greatest common factor of u and 32?
8
Let p(v) = v**2 - 2*v + 64. Let z be p(0). Let d = z + -43. Calculate the greatest common factor of 21 and d.
21
Let w(q) = -q + 83. Let g be w(-7). What is the greatest common factor of 36 and g?
18
Let i(d) = -4*d**3 + 3*d**2 + 20*d + 2. Let c be i(-5). What is the greatest common divisor of 53 and c?
53
Let h be (4 - (-3 + 5))/2. Let i be h - (1 - 7) - 2. Suppose -d = f - 3*d, -d = -f + i. What is the highest common divisor of 4 and f?
2
Let r be (-45)/((-64)/480 - 1/5). What is the greatest common divisor of r and 54?
27
Let u = -100 - -98. Let d be (59 + -51)*(1 - u/4). What is the greatest common divisor of 72 and d?
12
Suppose -5*u - 80 = -10*u + 2*z, -2*u - 5*z + 32 = 0. Let g(r) = -4*r + 64. Let a be g(8). What is the highest common divisor of u and a?
16
Let k be (21/(-2) - 4)/(11/(-22)). Let u = 290 + -29. What is the greatest common factor of k and u?
29
Let m = 8 - -4. Let p(w) = w - 2. Let y be p(m). Let j = 10 - -80. What is the highest common divisor of j and y?
10
Suppose -153*i = -131*i - 396. Suppose u - 2*l - 154 = 0, -u + 3*l - 24 + 183 = 0. Calculate the greatest common divisor of u and i.
18
Suppose -254 = 12*y - 326. What is the highest common factor of y and 44?
2
Suppose 4*i = -0*i + 12. Let d(n) = n + 21. Let t be d(-21). Let s = i - t. Calculate the greatest common divisor of s and 9.
3
